{"id":66,"date":"2022-12-28T22:18:59","date_gmt":"2022-12-28T22:18:59","guid":{"rendered":"https:\/\/lonastrevi.com\/?page_id=66"},"modified":"2022-12-28T22:34:06","modified_gmt":"2022-12-28T22:34:06","slug":"quienes-somos","status":"publish","type":"page","link":"https:\/\/lonastrevi.com\/?page_id=66","title":{"rendered":"Quienes Somos"},"content":{"rendered":"<div class='flex_column av-lc882g8v-45ca353801b3b389e890223381a91d19 av_one_half  avia-builder-el-0  el_before_av_one_half  avia-builder-el-first  first flex_column_div '     ><p>\n<style type=\"text\/css\" data-created_by=\"avia_inline_auto\" id=\"style-css-av-lc87x288-db8eef12efc017bfc267734d429a4cc5\">\n#top .av-special-heading.av-lc87x288-db8eef12efc017bfc267734d429a4cc5{\npadding-bottom:10px;\ncolor:#3a2e94;\nfont-size:30px;\n}\nbody .av-special-heading.av-lc87x288-db8eef12efc017bfc267734d429a4cc5 .av-special-heading-tag .heading-char{\nfont-size:25px;\n}\n#top #wrap_all .av-special-heading.av-lc87x288-db8eef12efc017bfc267734d429a4cc5 .av-special-heading-tag{\nfont-size:30px;\n}\n.av-special-heading.av-lc87x288-db8eef12efc017bfc267734d429a4cc5 .special-heading-inner-border{\nborder-color:#3a2e94;\n}\n.av-special-heading.av-lc87x288-db8eef12efc017bfc267734d429a4cc5 .av-subheading{\nfont-size:15px;\n}\n\n@media only screen and (min-width: 480px) and (max-width: 767px){ \n#top #wrap_all .av-special-heading.av-lc87x288-db8eef12efc017bfc267734d429a4cc5 .av-special-heading-tag{\nfont-size:0.8em;\n}\n}\n\n@media only screen and (max-width: 479px){ \n#top #wrap_all .av-special-heading.av-lc87x288-db8eef12efc017bfc267734d429a4cc5 .av-special-heading-tag{\nfont-size:0.8em;\n}\n}\n<\/style>\n<div  class='av-special-heading av-lc87x288-db8eef12efc017bfc267734d429a4cc5 av-special-heading-h1 custom-color-heading blockquote modern-quote  avia-builder-el-1  el_before_av_textblock  avia-builder-el-first  av-inherit-size'><h1 class='av-special-heading-tag'  itemprop=\"headline\"  >Quienes Somos<\/h1><div class=\"special-heading-border\"><div class=\"special-heading-inner-border\"><\/div><\/div><\/div><br \/>\n\n<style type=\"text\/css\" data-created_by=\"avia_inline_auto\" id=\"style-css-av-lc887im0-e6d59deac1a147100bdfe27a99acdc2c\">\n#top .av_textblock_section.av-lc887im0-e6d59deac1a147100bdfe27a99acdc2c .avia_textblock{\nfont-size:15px;\n}\n<\/style>\n<section  class='av_textblock_section av-lc887im0-e6d59deac1a147100bdfe27a99acdc2c'  itemscope=\"itemscope\" itemtype=\"https:\/\/schema.org\/CreativeWork\" ><div class='avia_textblock'  itemprop=\"text\" ><p><span style=\"vertical-align: inherit;\"><span style=\"vertical-align: inherit;\">Somos una empresa con m\u00e1s de 10 a\u00f1os de experiencia, iniciamos con la venta de lonas y hemos crecido hasta ser uno de los mejores proveedores de\u00a0<\/span><\/span><strong><span style=\"vertical-align: inherit;\"><span style=\"vertical-align: inherit;\"><span style=\"color: #000000;\">LONAS Y TOLDOS<\/span>\u00a0<\/span><\/span><\/strong><span style=\"vertical-align: inherit;\"><span style=\"vertical-align: inherit;\">en Nuevo Le\u00f3n, logrando as\u00ed extender nuestros servicios en el noreste del pa\u00eds. La amplia cobertura, calidad, rapidez y eficiencia en nuestros servicios, nos han permitido llegar a la satisfacci\u00f3n de una gran lista de clientes desde particulares, hasta empresas con reconocimiento nacional e internacional.<\/span><\/span><\/p>\n<\/div><\/section><br \/>\n\n<style type=\"text\/css\" data-created_by=\"avia_inline_auto\" id=\"style-css-av-lc88cplq-f1217cbc458c473c66d7b787be18ef65\">\n#top .av-special-heading.av-lc88cplq-f1217cbc458c473c66d7b787be18ef65{\npadding-bottom:10px;\ncolor:#3a2e94;\nfont-size:18px;\n}\nbody .av-special-heading.av-lc88cplq-f1217cbc458c473c66d7b787be18ef65 .av-special-heading-tag .heading-char{\nfont-size:25px;\n}\n#top #wrap_all .av-special-heading.av-lc88cplq-f1217cbc458c473c66d7b787be18ef65 .av-special-heading-tag{\nfont-size:18px;\n}\n.av-special-heading.av-lc88cplq-f1217cbc458c473c66d7b787be18ef65 .special-heading-inner-border{\nborder-color:#3a2e94;\n}\n.av-special-heading.av-lc88cplq-f1217cbc458c473c66d7b787be18ef65 .av-subheading{\nfont-size:15px;\n}\n\n@media only screen and (min-width: 480px) and (max-width: 767px){ \n#top #wrap_all .av-special-heading.av-lc88cplq-f1217cbc458c473c66d7b787be18ef65 .av-special-heading-tag{\nfont-size:0.8em;\n}\n}\n\n@media only screen and (max-width: 479px){ \n#top #wrap_all .av-special-heading.av-lc88cplq-f1217cbc458c473c66d7b787be18ef65 .av-special-heading-tag{\nfont-size:0.8em;\n}\n}\n<\/style>\n<div  class='av-special-heading av-lc88cplq-f1217cbc458c473c66d7b787be18ef65 av-special-heading-h3 custom-color-heading blockquote modern-quote modern-centered  avia-builder-el-3  el_after_av_textblock  avia-builder-el-last  av-inherit-size'><h3 class='av-special-heading-tag'  itemprop=\"headline\"  >\u00abContamos con m\u00e1s de 400 Toldos\u00bb<\/h3><div class=\"special-heading-border\"><div class=\"special-heading-inner-border\"><\/div><\/div><\/div><\/p><\/div><div class='flex_column av-av_one_half-f1c518e9ff58e869f80c8f093487abc9 av_one_half  avia-builder-el-4  el_after_av_one_half  avia-builder-el-last  flex_column_div '     ><style type=\"text\/css\" data-created_by=\"avia_inline_auto\" id=\"style-css-av-lc88hf0u-a4e8abe0ed6f021a17112592f8986135\">\n.avia-image-container.av-lc88hf0u-a4e8abe0ed6f021a17112592f8986135 img.avia_image{\nbox-shadow:none;\n}\n.avia-image-container.av-lc88hf0u-a4e8abe0ed6f021a17112592f8986135 .av-image-caption-overlay-center{\ncolor:#ffffff;\n}\n<\/style>\n<div  class='avia-image-container av-lc88hf0u-a4e8abe0ed6f021a17112592f8986135 av-styling- avia-align-center  avia-builder-el-5  avia-builder-el-no-sibling '   itemprop=\"image\" itemscope=\"itemscope\" itemtype=\"https:\/\/schema.org\/ImageObject\" ><div class=\"avia-image-container-inner\"><div class=\"avia-image-overlay-wrap\"><img decoding=\"async\" class='wp-image-75 avia-img-lazy-loading-not-75 avia_image ' src=\"https:\/\/lonastrevi.com\/wp-content\/uploads\/2022\/12\/quienes_somos_lonas_toldos.jpg\" alt='' title='quienes_somos_lonas_toldos'  height=\"280\" width=\"555\"  itemprop=\"thumbnailUrl\" srcset=\"https:\/\/lonastrevi.com\/wp-content\/uploads\/2022\/12\/quienes_somos_lonas_toldos.jpg 555w, https:\/\/lonastrevi.com\/wp-content\/uploads\/2022\/12\/quienes_somos_lonas_toldos-300x151.jpg 300w\" sizes=\"(max-width: 555px) 100vw, 555px\" \/><\/div><\/div><\/div><\/div><\/p>\n","protected":false},"excerpt":{"rendered":"","protected":false},"author":1,"featured_media":0,"parent":0,"menu_order":0,"comment_status":"closed","ping_status":"closed","template":"","meta":{"footnotes":""},"class_list":["post-66","page","type-page","status-publish","hentry"],"_links":{"self":[{"href":"https:\/\/lonastrevi.com\/index.php?rest_route=\/wp\/v2\/pages\/66","targetHints":{"allow":["GET"]}}],"collection":[{"href":"https:\/\/lonastrevi.com\/index.php?rest_route=\/wp\/v2\/pages"}],"about":[{"href":"https:\/\/lonastrevi.com\/index.php?rest_route=\/wp\/v2\/types\/page"}],"author":[{"embeddable":true,"href":"https:\/\/lonastrevi.com\/index.php?rest_route=\/wp\/v2\/users\/1"}],"replies":[{"embeddable":true,"href":"https:\/\/lonastrevi.com\/index.php?rest_route=%2Fwp%2Fv2%2Fcomments&post=66"}],"version-history":[{"count":5,"href":"https:\/\/lonastrevi.com\/index.php?rest_route=\/wp\/v2\/pages\/66\/revisions"}],"predecessor-version":[{"id":76,"href":"https:\/\/lonastrevi.com\/index.php?rest_route=\/wp\/v2\/pages\/66\/revisions\/76"}],"wp:attachment":[{"href":"https:\/\/lonastrevi.com\/index.php?rest_route=%2Fwp%2Fv2%2Fmedia&parent=66"}],"curies":[{"name":"wp","href":"https:\/\/api.w.org\/{rel}","templated":true}]}}